{"id":249,"date":"2025-03-31T02:18:32","date_gmt":"2025-03-31T00:18:32","guid":{"rendered":"https:\/\/tkstolarka.eu\/?page_id=249"},"modified":"2025-04-02T14:45:06","modified_gmt":"2025-04-02T12:45:06","slug":"listwy","status":"publish","type":"page","link":"https:\/\/tkstolarka.eu\/index.php\/listwy\/","title":{"rendered":"Listwy"},"content":{"rendered":"<section class=\"bde-section-249-100 bde-section\">\n  \n  \n\t\n\n\n\n<div class=\"section-container\"><div class=\"bde-columns-249-101 bde-columns\"><div class=\"bde-column-249-102 bde-column\">\n  \n  \n\t\n\n\n\n<div class=\"bde-image-249-103 bde-image\">\n<figure class=\"breakdance-image breakdance-image--206\">\n\t<div class=\"breakdance-image-container\">\n\t\t<div class=\"breakdance-image-clip\"><img loading=\"lazy\" decoding=\"async\" class=\"breakdance-image-object\" src=\"https:\/\/tkstolarka.eu\/wp-content\/uploads\/2025\/03\/484452014_122105044388798634_2416568347803484513_n-1.jpg\" width=\"1073\" height=\"807\" srcset=\"https:\/\/tkstolarka.eu\/wp-content\/uploads\/2025\/03\/484452014_122105044388798634_2416568347803484513_n-1.jpg 1073w, https:\/\/tkstolarka.eu\/wp-content\/uploads\/2025\/03\/484452014_122105044388798634_2416568347803484513_n-1-300x226.jpg 300w, https:\/\/tkstolarka.eu\/wp-content\/uploads\/2025\/03\/484452014_122105044388798634_2416568347803484513_n-1-1024x770.jpg 1024w, https:\/\/tkstolarka.eu\/wp-content\/uploads\/2025\/03\/484452014_122105044388798634_2416568347803484513_n-1-768x578.jpg 768w\" sizes=\"auto, (max-width: 1073px) 100vw, 1073px\"><\/div>\n\t<\/div><\/figure>\n\n<\/div>\n<\/div><div class=\"bde-column-249-104 bde-column\">\n  \n  \n\t\n\n\n\n<h2 class=\"bde-heading-249-105 bde-heading\">\nListwy przypod\u0142ogowe\n<\/h2><div class=\"bde-text-249-106 bde-text\">\nListwy przypod\u0142ogowe drewniane to eleganckie wyko\u0144czenie, kt\u00f3re doskonale \u0142\u0105czy ca\u0142o\u015b\u0107 wn\u0119trz, nadaj\u0105c im sp\u00f3jny i estetyczny wygl\u0105d. Dzi\u0119ki naturalnym w\u0142a\u015bciwo\u015bciom drewna, listwy te wprowadzaj\u0105 ciep\u0142o i przytulno\u015b\u0107 do pomieszcze\u0144. Oferujemy szerok\u0105 gam\u0119 listew przypod\u0142ogowych, kt\u00f3re pasuj\u0105 zar\u00f3wno do klasycznych, jak i nowoczesnych aran\u017cacji.\n<\/div>\n<\/div><\/div><\/div>\n<\/section><section class=\"bde-section-249-107 bde-section\">\n  \n  \n\t\n\n\n\n<div class=\"section-container\"><h1 class=\"bde-heading-249-108 bde-heading\">\nZale\u017cy Ci na najwy\u017cszej jako\u015bci i oryginalnym projekcie? Zadzwo\u0144 i um\u00f3w spotkanie w naszej pracowni stolarskiej.\n<\/h1><\/div>\n<\/section>","protected":false},"excerpt":{"rendered":"<p>Listwy przypod\u0142ogowe Listwy przypod\u0142ogowe drewniane to eleganckie wyko\u0144czenie, kt\u00f3re doskonale \u0142\u0105czy ca\u0142o\u015b\u0107 wn\u0119trz, nadaj\u0105c im sp\u00f3jny i estetyczny wygl\u0105d. Dzi\u0119ki naturalnym w\u0142a\u015bciwo\u015bciom drewna, listwy te wprowadzaj\u0105 ciep\u0142o i przytulno\u015b\u0107 do pomieszcze\u0144. Oferujemy szerok\u0105 gam\u0119 listew przypod\u0142ogowych, kt\u00f3re pasuj\u0105 zar\u00f3wno do klasycznych, jak i nowoczesnych aran\u017cacji. Zale\u017cy Ci na najwy\u017cszej jako\u015bci i oryginalnym projekcie? Zadzwo\u0144 i [&hellip;]<\/p>\n","protected":false},"author":1,"featured_media":0,"parent":0,"menu_order":0,"comment_status":"closed","ping_status":"closed","template":"","meta":{"_breakdance_hide_in_design_set":false,"_breakdance_tags":"","footnotes":""},"class_list":["post-249","page","type-page","status-publish","hentry"],"_links":{"self":[{"href":"https:\/\/tkstolarka.eu\/index.php\/wp-json\/wp\/v2\/pages\/249","targetHints":{"allow":["GET"]}}],"collection":[{"href":"https:\/\/tkstolarka.eu\/index.php\/wp-json\/wp\/v2\/pages"}],"about":[{"href":"https:\/\/tkstolarka.eu\/index.php\/wp-json\/wp\/v2\/types\/page"}],"author":[{"embeddable":true,"href":"https:\/\/tkstolarka.eu\/index.php\/wp-json\/wp\/v2\/users\/1"}],"replies":[{"embeddable":true,"href":"https:\/\/tkstolarka.eu\/index.php\/wp-json\/wp\/v2\/comments?post=249"}],"version-history":[{"count":5,"href":"https:\/\/tkstolarka.eu\/index.php\/wp-json\/wp\/v2\/pages\/249\/revisions"}],"predecessor-version":[{"id":325,"href":"https:\/\/tkstolarka.eu\/index.php\/wp-json\/wp\/v2\/pages\/249\/revisions\/325"}],"wp:attachment":[{"href":"https:\/\/tkstolarka.eu\/index.php\/wp-json\/wp\/v2\/media?parent=249"}],"curies":[{"name":"wp","href":"https:\/\/api.w.org\/{rel}","templated":true}]}}